{"id":10840,"date":"2025-11-26T08:51:25","date_gmt":"2025-11-26T08:51:25","guid":{"rendered":"https:\/\/piecexauto.com\/?post_type=product&#038;p=10840"},"modified":"2025-11-26T08:51:25","modified_gmt":"2025-11-26T08:51:25","slug":"poignee-de-porte-interieur-avant-droite-ibiza","status":"publish","type":"product","link":"https:\/\/piecexauto.com\/?product=poignee-de-porte-interieur-avant-droite-ibiza","title":{"rendered":"Poign\u00e9e de porte int\u00e9rieur Avant droite IBIZA"},"content":{"rendered":"<h1 class=\"section__title product-block__title\">Poign\u00e9e de porte, \u00e9quipement int\u00e9rieur pour SEAT IBIZA 6j1 837 114a<\/h1>\n<h1 class=\"section__title product-block__title\">OEM :6j1837114a<\/h1>\n","protected":false},"excerpt":{"rendered":"<p>Poign\u00e9e de porte, \u00e9quipement int\u00e9rieur pour SEAT IBIZA 6j1 837 114a OEM :6j1837114a<\/p>\n","protected":false},"featured_media":10841,"comment_status":"open","ping_status":"closed","template":"","meta":[],"product_brand":[],"product_cat":[101],"product_tag":[],"class_list":{"0":"post-10840","1":"product","2":"type-product","3":"status-publish","4":"has-post-thumbnail","6":"product_cat-carrosserie","8":"first","9":"instock","10":"shipping-taxable","11":"purchasable","12":"product-type-simple"},"_links":{"self":[{"href":"https:\/\/piecexauto.com\/index.php?rest_route=\/wp\/v2\/product\/10840","targetHints":{"allow":["GET"]}}],"collection":[{"href":"https:\/\/piecexauto.com\/index.php?rest_route=\/wp\/v2\/product"}],"about":[{"href":"https:\/\/piecexauto.com\/index.php?rest_route=\/wp\/v2\/types\/product"}],"replies":[{"embeddable":true,"href":"https:\/\/piecexauto.com\/index.php?rest_route=%2Fwp%2Fv2%2Fcomments&post=10840"}],"version-history":[{"count":1,"href":"https:\/\/piecexauto.com\/index.php?rest_route=\/wp\/v2\/product\/10840\/revisions"}],"predecessor-version":[{"id":10842,"href":"https:\/\/piecexauto.com\/index.php?rest_route=\/wp\/v2\/product\/10840\/revisions\/10842"}],"wp:featuredmedia":[{"embeddable":true,"href":"https:\/\/piecexauto.com\/index.php?rest_route=\/wp\/v2\/media\/10841"}],"wp:attachment":[{"href":"https:\/\/piecexauto.com\/index.php?rest_route=%2Fwp%2Fv2%2Fmedia&parent=10840"}],"wp:term":[{"taxonomy":"product_brand","embeddable":true,"href":"https:\/\/piecexauto.com\/index.php?rest_route=%2Fwp%2Fv2%2Fproduct_brand&post=10840"},{"taxonomy":"product_cat","embeddable":true,"href":"https:\/\/piecexauto.com\/index.php?rest_route=%2Fwp%2Fv2%2Fproduct_cat&post=10840"},{"taxonomy":"product_tag","embeddable":true,"href":"https:\/\/piecexauto.com\/index.php?rest_route=%2Fwp%2Fv2%2Fproduct_tag&post=10840"}],"curies":[{"name":"wp","href":"https:\/\/api.w.org\/{rel}","templated":true}]}}